s 191773 composite?
False
Is 67111 prime?
False
Is 1847 a composite number?
False
Is 396203 a composite number?
False
Is 11338 a prime number?
False
Is 3953 prime?
False
Is 6491 a composite number?
False
Is 24437 a prime number?
False
Is 4783 a composite number?
False
Is 7631 a prime number?
False
Is 14741 a composite number?
False
Is 8159521 a prime number?
True
Is 22207 a composite number?
True
Is 295111 a composite number?
False
Is 30289 prime?
False
Is 9863 a composite number?
True
Is 26473 a prime number?
False
Is 562423 prime?
False
Is 162587 a prime number?
False
Is 4547 a prime number?
True
Is 466381 a composite number?
True
Is 81479 a composite number?
True
Is 1428329 a prime number?
False
Is 475247 a composite number?
True
Is 1044331 a prime number?
False
Is 22217 a prime number?
False
Is 23849 composite?
True
Is 286333 prime?
True
Is 7807 composite?
True
Is 11785 prime?
False
Is 56197 a composite number?
False
Is 69313 composite?
False
Is 7369 composite?
False
Is 45995 a composite number?
True
Is 26021 prime?
True
Is 2429 a composite number?
True
Is 680227 a composite number?
True
Is 379003 prime?
False
Is 33521 a composite number?
False
Is 51049 prime?
False
Is 22189 prime?
True
Is 3865 a composite number?
True
Is 320609 a composite number?
False
Is 120467 prime?
False
Is 69239 composite?
False
Is 5087 a prime number?
True
Is 431239 a composite number?
True
Is 51079 composite?
True
Is 2033111 a composite number?
False
Is 4507 composite?
False
Is 811099 composite?
False
Is 38849 a prime number?
False
Is 344939 composite?
True
Is 54559 a composite number?
False
Is 89499 composite?
True
Is 263647 composite?
False
Is 178781 prime?
True
Is 21977 prime?
True
Is 1733 a prime number?
True
Is 5089 a prime number?
False
Is 78829 prime?
False
Is 2191 composite?
True
Is 202859 prime?
True
Is 21055 prime?
False
Is 521567 a prime number?
True
Is 589 prime?
False
Is 12941 prime?
True
Is 47373 prime?
False
Is 1174463 a composite number?
False
Is 218533 a prime number?
False
Is 71899 composite?
False
Is 41039 composite?
False
Is 128461 a composite number?
False
Is 238955 composite?
True
Is 98663 composite?
False
Is 304211 composite?
False
Is 58889 a prime number?
True
Is 1336333 prime?
True
Is 1345 composite?
True
Is 31883 composite?
False
Is 210673 a prime number?
False
Is 85726 composite?
True
Is 180491 a composite number?
False
Is 233081 prime?
False
Is 115849 a composite number?
False
Is 571521 a prime number?
False
Is 340559 a prime number?
True
Is 219251 prime?
True
Is 7153 composite?
True
Is 212111 a composite number?
True
Is 28493 composite?
False
Is 11771 a composite number?
True
Is 2209409 a composite number?
False
Is 30241 composite?
False
Is 135039 composite?
True
Is 2567 a composite number?
True
Is 26227 a composite number?
False
Is 5963 prime?
False
Is 19066 composite?
True
Is 136987 a composite number?
False
Is 1303955 a composite number?
True
Is 1397 a prime number?
False
Is 8285 prime?
False
Is 8887 a composite number?
False
Is 380739 composite?
True
Is 151181 composite?
True
Is 587441 a composite number?
False
Is 633 prime?
False
Is 1045679 composite?
False
Is 336137 a composite number?
True
Is 95509 a prime number?
False
Is 35201 prime?
True
Is 1854299 composite?
False
Is 3168454 prime?
False
Is 48215 composite?
True
Is 3109 composite?
False
Is 43879 prime?
False
Is 113759 a composite number?
False
Is 46393 prime?
False
Is 124045 composite?
True
Is 19597 composite?
False
Is 30995 composite?
True
Is 422122 a composite number?
True
Is 26927 a composite number?
False
Is 2171 composite?
True
Is 121301 prime?
False
Is 3313 prime?
True
Is 69991 composite?
False
Is 25383 prime?
False
Is 52293 prime?
False
Is 27427 composite?
False
Is 23039 a prime number?
True
Is 3502433 a prime number?
False
Is 1793 composite?
True
Is 81131 prime?
True
Is 82381 prime?
False
Is 32441 prime?
True
Is 9923 a composite number?
False
Is 48333 prime?
False
Is 12751 prime?
False
Is 169093 composite?
False
Is 7237 composite?
False
Is 4351 prime?
False
Is 16846 composite?
True
Is 25073 prime?
True
Is 10421 a composite number?
True
Is 33247 prime?
True
Is 2505689 composite?
True
Is 73481 composite?
True
Is 37217 a prime number?
True
Is 14131 a prime number?
False
Is 9277 prime?
True
Is 65563 a composite number?
False
Is 34721 a prime number?
True
Is 40277 a prime number?
True
Is 207169 prime?
True
Is 174649 prime?
True
Is 1349066 prime?
False
Is 1477 a composite number?
True
Is 536651 composite?
False
Is 119587 composite?
True
Is 1101 a prime number?
False
Is 405179 a prime number?
True
Is 283901 a composite number?
True
Is 26731 a prime number?
True
Is 13749 prime?
False
Is 268661 composite?
False
Is 562879 a prime number?
False
Is 56149 prime?
True
Is 131873 composite?
True
Is 641 composite?
False
Is 3261 a composite number?
True
Is 14221 prime?
True
Is 8353 a prime number?
True
Is 428555 prime?
False
Is 18638 composite?
True
Is 21503 a prime number?
True
Is 318089 a prime number?
False
Is 45829 a composite number?
True
Is 355801 a prime number?
False
Is 2101 composite?
True
Is 899 a prime number?
False
Is 1574 a composite number?
True
Is 168697 prime?
True
Is 912182 composite?
True
Is 50351 a composite number?
True
Is 45403 prime?
True
Is 267538 prime?
False
Is 907 a composite number?
False
Is 14395 a composite number?
True
Is 123479 a prime number?
True
Is 1524259 a composite number?
True
Is 310049 a prime number?
True
Is 66869 a composite number?
True
Is 14163 a composite number?
True
Is 119257 a prime number?
False
Is 53467 a composite number?
True
Is 1651 a prime number?
False
Is 17483 a prime number?
True
Is 523 a prime number?
True
Is 12047 a prime number?
False
Is 366109 composite?
True
Is 4111 composite?
False
Is 134753 prime?
True
Is 108169 prime?
False
Is 68017 a prime number?
False
Is 34201 prime?
False
Is 8849 a prime number?
True
Is 197779 composite?
False
Is 471589 composite?
False
Is 9677 a prime number?
True
Is 2273689 prime?
False
Is 14471 composite?
True
Is 148241 prime?
False
Is 86923 a composite number?
False
Is 2521 a composite number?
False
Is 613 prime?
True
Is 231757 a prime number?
False
Is 17723 composite?
True
Is 304319 a composite number?
True
Is 117307 a prime number?
True
Is 4409 composite?
False
Is 19349 a prime number?
False
Is 16283 prime?
False
Is 481231 prime?
True
Is 967411 composite?
True
Is 34379 a composite number?
True
Is 521 composite?
False
Is 31481 composite?
False
Is 130054 composite?
True
Is 4919 composite?
False
Is 12889 a composite number?
False
Is 3221 a prime number?
True
Is 17543 prime?
False
Is 1398841 a prime number?
True
Is 48817 composite?
False
Is 220135 a composite number?
True
Is 20611 prime?
True
Is 35729 composite?
False
Is 353069 a composite number?
False
Is 1315 a prime number?
False
Is 566 prime?
False
Is 863 prime?
True
Is 16969 a prime number?
False
Is 740461 composite?
False
Is 250543 prime?
True
Is 166261 prime?
False
Is 9511 a composite number?
False
Is 145531 composite?
False
Is 3715 a composite number?
True
Is 22531 a composite number?
False
Is 2279 composite?
True
Is 15999 a composite number?
True
Is 23809 composite?
True
Is 106283 prime?
False
Is 432857 prime?
True
Is 7057 a composite number?
False
Is 234929 composite?
True
Is 6119 a composite number?
True
Is 11337 prime?
False
Is 6349 a prime number?
False
Is 185671 a composite number?
True
Is 17657 composite?
False
Is 1126091 composite?
True
Is 722497 a composite number?
True
Is 2819 a composite number?
False
Is 33207 prime?
False
Is 15767 prime?
True
Is 1996783 a prime number?
False
Is 18127 composite?
False
Is 5077 prime?
True
Is 129329 a composite number?
True
Is 75751 a composite number?
True
Is 30815 prime?
False
Is 183871 composite?
False
Is 18577 composite?
True
Is 2680231 a composite number?
False
Is 305143 prime?
True
Is 97403 a composite number?
True
Is 359263 a prime number?
True
Is 55987 composite?
False
Is 1233709 a composite number?
False
Is 249367 a prime number?
True
Is 586999 composite?
True
Is 14281 a composite number?
False
Is 145771 composite?
False
Is 8151647 a composite number?
True
Is 177193 prime?
False
Is 1161089 composite?
True
Is 33287 prime?
True
Is 119507 a composite number?
True
Is 313423 a prime number?